 - 1. Give z(c).
-7
Let j(q) = q**2. Let p(t) = 2*t + 1. Let x(w) = -j(w) - 2*p(w). Suppose -15 = -3*c - 2*c, -4*c + 3 = 3*z. Determine x(z).
1
Let w(t) = t - 8. Suppose 36 = 2*l + 28. Give w(l).
-4
Suppose -2*v - 18 - 20 = 0. Let k be v/4 - (9 + (-70)/8). Let d(q) = -q - 2. Calculate d(k).
3
Let b(f) be the second derivative of -f**3/6 + f**2/2 + 3*f. Let h be b(5). Let p(l) = -1 + 5*l**2 + 3*l + 0*l**2 + 2*l**2 - 6*l**2. What is p(h)?
3
Let g(r) = r**3 - 6*r**2 - r + 2. Suppose 73 = 15*d - 17. What is g(d)?
-4
Suppose 5*a = 5*w + 5, -2*a = 3*w - 2 - 5. Suppose -4 = -a*b - q - 2*q, -3*b = 5*q - 8. Let m = b - -5. Let n(x) = -10*x**3 - 2*x**2 + x. Give n(m).
-11
Let g(c) be the second derivative of -8*c - 1/6*c**4 + 3/2*c**2 - 1/2*c**3 + 0. Determine g(-4).
-17
Let j(n) = -n**3 + 2*n**2 - 3*n + 2. Let i be j(3). Let m be (-20)/i + 3/4. Let x(z) = -z**m - 5*z - 8 + 2*z - 4*z. Calculate x(-6).
-2
Let p(k) = k - 3. Suppose 360 = -26*o + 100. Calculate p(o).
-13
Let o = 241 + -236. Let p(v) be the second derivative of -1/4*v**4 - 1/2*v**2 + 0 + 1/3*v**3 - 5*v + 1/10*v**o. What is p(2)?
7
Let y(b) = 11*b**2 + b + 1. Suppose -n + 1 = r, n - r - 2 = 1. Let s be n*(3/(-6) + 0). Give y(s).
11
Let y(m) = m - 1. Suppose 0 = -2*u + 16*u + 84. Let n be (-2 - (-10)/6)*(u - -9). Calculate y(n).
-2
Let j(y) = 2*y**2 + 5*y - 5. Suppose 1 = a - 4. Suppose -4*h - 2 = -4*z - 26, -2*z - a*h = 5. What is j(z)?
20
Let i(a) = 28*a - 70*a - a**2 - 3 + 36*a. Let u(m) = -m**2 - m - 1. Let n be u(2). Let h = -13 - n. Give i(h).
-3
Let l(v) = 12*v**2 - 52*v + 28*v + 15*v - 2*v**2 - v**3. Give l(9).
0
Let v = -1 - 4. Let y(c) = 5*c**3 + c**2 - 5*c + 1. Let u(b) = -b**3 + b**2 + b. Let a(s) = 4*u(s) + y(s). Give a(v).
6
Let t be (2/(-6))/((-2)/(-6)). Let i = 4 + t. Let m(h) = -h - h**i - 7 - 3*h - 7*h**2 + 3 - 2*h. Calculate m(-6).
-4
Suppose 3*g + 23 = 5. Let q be 0 + g + 3 + 9. Let p be 2/(-2)*(6 - q). Let m(r) = r + 8. Give m(p).
8
Let s = -30 + 27. Let k be (-7 - -14) + -1 + s. Let z(p) = 4*p**2 + 0*p**2 + p**3 - 3*p + 2*p - 2*p**k. Give z(3).
6
Let u(y) = -9*y**2 + 2*y + 2. Let z = 844 + -845. Give u(z).
-9
Suppose 8 = -4*q, -2*c = q - 4*q - 6. Let f = c - 0. Let j(o) = -9 - 106*o + 61*o - o**2 + 45*o. What is j(f)?
-9
Let c be 1 - 1/((-4)/16). Let d(t) = -5*t**3 - 4*t**2 - 10*t + 12. Let v(p) = 6*p**3 + 4*p**2 + 11*p - 13. Let m(x) = -7*d(x) - 6*v(x). Determine m(c).
-11
Let v(n) be the second derivative of -n**4/12 + 2*n**3 - 4*n**2 - 532*n. What is v(10)?
12
Let x be (-3)/(15/20) - -7. Let h(r) = -r + 4. Calculate h(x).
1
Let x(g) = 2*g**2 - 2*g - 1. Let b(q) = -q**3 - 13*q**2 + 7*q - 2. Let d(m) = -b(m) - 5*x(m). Calculate d(-3).
-2
Let v(m) = -m**3 + 2*m - 2. Let t = -14 - -18. Suppose b = 5*r + 6 - 19, t*b + 20 = 4*r. Determine v(r).
-6
Let i(j) be the third derivative of j**3 + 0 - 1/120*j**6 + 20*j**2 + 0*j**4 + 1/60*j**5 + 0*j. Determine i(0).
6
Suppose -3 = -46*o + 49*o. Let n(p) = 0*p**2 + p + 0 + 0 + 1 + p**2 - p**3. Give n(o).
2
Let s(z) = z + 0*z**2 + z**3 + z**2 + 7 - 2. Let k(w) = w**3 - w**2 - 2*w + 3. Let h be k(2). Let p(u) = -u**3 - 6. Let b(l) = h*p(l) + 4*s(l). Determine b(-2).
2
Let k(z) = -z**3 + 5*z**2 - 5*z + 6. Let t be k(4). Let g(s) = 2 - 3 + s**2 - 2*s**2 + 3*s**t. Calculate g(-2).
7
Let f(n) = n - 1 + 0*n + 0*n - 1 + n. Give f(-2).
-6
Let a = -3 - -5. Let w(g) = g**2 + g. Let v(x) = -x**2 + 4*x - 9. Let t be 1/(5/25*5). Let n(j) = a*w(j) + t*v(j). Give n(-7).
-2
Let h(x) be the first derivative of -x**3/3 + x - 90. Let d be 3*(2 - (-2)/(-3)). Suppose d*g + 4*b + 1 + 3 = 0, 3*g + 2*b = -1. What is h(g)?
0
Let o(q) be the third derivative of 0*q**3 + 11*q**2 + 1/240*q**6 + 0*q + 1/120*q**5 + 0 + 1/6*q**4. Let p(t) be the second derivative of o(t). Give p(-2).
-5
Let y(r) = -r + 11. Suppose -5*b - 4*h = -6, -5*b + 4 = 5*h - 1. Let t(c) = -5*c + 45. Let a(w) = b*t(w) - 9*y(w). Calculate a(-7).
-2
Let d(i) be the first derivative of -i**4/4 - i**2 + 2*i + 3. Let o be (-98)/28*(-3 - 1). Let f = -12 + o. What is d(f)?
-10
Suppose -2*p - p - 4*j - 23 = 0, -3*j = -3. Let v(z) = z + 7. Calculate v(p).
-2
Let p(f) be the second derivative of f**3/2 - 6*f**2 - 53*f. Calculate p(8).
12
Suppose 10 = 2*j - 28. Suppose -17*f - 80 = -37*f. Suppose 0 = f*v + 7 - j. Let s(w) = w**3 - w**2 - 4*w - 1. Give s(v).
5
Let l(f) be the first derivative of 0*f**2 + 0*f + 10 + 5/3*f**3 - 1/24*f**4 - 1/120*f**5. Let a(x) be the third derivative of l(x). Determine a(-3).
2
Let n(g) = g**3 + 8*g**2 + g + 8. Let f be (-9)/4 + 12/(-16). Let r = f + 5. Let z be (r - 1)*(-10 - -2). Give n(z).
0
Let d(z) be the second derivative of -z**8/6720 + z**7/315 + z**6/720 - z**5/15 - 13*z**4/12 + 25*z. Let t(r) be the third derivative of d(r). Calculate t(8).
0
Suppose -5*o + 4*f = 0, 2*o - 5*o - 4*f - 32 = 0. Let m be o/5 - 16/5. Let g be -1 - (1 - m - 3). Let y(v) = -v**2 - 5*v - 4. Give y(g).
2
Let f(w) = 47*w - 68*w + 2*w**2 + 1 + 23*w. What is f(-2)?
5
Let a(t) = -t**3 - 5*t**2 + 2. Suppose -4*l + 3*z - 753 = -l, l - 5*z = -247. Let j be 2/4 + l/24. Let v = j + 5. Give a(v).
2
Let x be 54/(-45)*150/(-4). Let q = -39 + x. Let i(m) = m**2 - 4*m - 5. Give i(q).
7
Suppose v + v = 4. Let z(d) = -3*d**2 + 4*d**2 - v + 3. Let x(n) = -n**3 - 3*n**2 + 1. Let u be x(-1). Determine z(u).
2
Let r(f) = -f**3 - 9*f**2 - 8*f - 4. Suppose x + 42 = -5*a + 19, 4*a + 12 = 0. Calculate r(x).
-4
Let v(d) = -d**2 + 6*d - 1. Let h = 1017 - 1012. Give v(h).
4
Let s(b) = -9*b**2 - 13 + b**3 + 11 - 3*b + 6*b**2. What is s(3)?
-11
Let p(l) = -l**3 - 5*l**3 + 4 + 4*l - 9*l. Let d(h) = -5*h**3 + h**2 - 4*h + 4. Let t(v) = 5*d(v) - 4*p(v). Suppose 10 = q + q. Give t(q).
4
Let t(d) be the second derivative of -d**7/2520 + d**6/80 - d**5/24 - 11*d**4/12 + 10*d. Let j(w) be the third derivative of t(w). Give j(7).
9
Let d(h) = -43 + 4*h**2 - 5*h + 50 - 4*h**2 + h**2. Let l = 239 + -233. Determine d(l).
13
Let b(u) be the third derivative of -u**6/720 - 11*u**4/24 - 21*u**2. Let s(w) be the second derivative of b(w). Suppose -16 = -q - 3*q. Give s(q).
-4
Let u(w) be the third derivative of -w**6/120 - w**5/60 + w**4/12 - w**3/2 + 10*w**2. Let m(z) = 2*z - 1. Let g be m(2). Let v = g - 6. Determine u(v).
9
Let o = -26 - -29. Let f(i) = -2 + 8*i**2 + 3*i**o + 5*i**2 - 16*i**2 + 4*i. Calculate f(2).
18
Let n(s) = s + 2. Let t = 4 - -1. Suppose -2*o + 0*o = 2*m + 4, 3*o = -t*m + 2. What is n(o)?
-4
Let p(a) = -a**2 - 6*a - 2. Let l be p(-5). Let r(t) = 2*t - 9. Let d be r(7). Suppose 3 = l*m + d*g - 12, 4*g = 12. Let z(s) = -s**3 - s**2 + 10. What is z(m)?
10
Let b = -924 - -921. Let c(u) = -u**3 - 2*u**2 + u - 6. Calculate c(b).
0
Let g(i) = -i**2 + 11*i + 0 - 6*i - 3. Let q(j) = -j**3 - 2*j**2 + 3. Let r be q(-2). Suppose 0*d = -r*d + 15. Calculate g(d).
-3
Let u(s) = -2*s**3 + 2*s - 4 + 4 - 6307*s**2 + 3 + 6303*s**2. Determine u(-3).
15
Let d(r) = 14*r**3 + 3*r**2 - 2*r + 4. Let a(g) = -27*g**3 - 5*g**2 + 4*g - 7. Let s(i) = -3*a(i) - 5*d(i). Calculate s(1).
10
Let r = -15 + 11. Let v(p) = -5*p**3 + 5*p**2 + p + 1. Let n(i) = 14*i**3 - 15*i**2 - 3*i - 2. Let u(g) = 6*n(g) + 17*v(g). What is u(r)?
-7
Let m(b) = b**3 + 7*b**2 + 7*b + 5. Let i = 56 + -40. Let f = -23 + i. Let k = f - -1. Determine m(k).
-1
Let x = 104 - 102. Let o(l) = 9 - 2*l**2 - l - 10 + 6*l**x. Give o(2).
13
Let z(t) = -9*t - 12 - t**2 + t - t. Calculate z(-9).
-12
Let p(q) = -4*q - q**3 - 3*q - q + 7*q - 1 + 4*q**2. Let k be p(3). Let n(f) = 2*f - k + 3 - 7*f + 3. What is n(1)?
-4
Suppose 45 = 4*k + 2*g + 15, -6 = k - 4*g. Let o(x) = -4*x - 5. Determine o(k).
-29
Let w(d) be the first derivative of -2*d**3/3 + 3*d**2 + 3*d - 157. What is w(3)?
3
Let r be 1080/(-162) - (-4)/6. Let g be (-2)/6 + 14/6. Let v(j) = 4 + 3 + 8*j + j**g - 2. What is v(r)?
-7
Suppose q = 106 - 112. Let w(d) = -d - 3. Let b(i) = -i - 4. Let f(l) = -4*b(l) + 5*w(l). Calculate f(q).
7
Let y(t) be the third derivative of -t**5/60 + t**4/24 + 2*t**3/3 - 56*t**2. Determine y(0).
4
Let o(d) = 1 + 0 - 2 + 3 + 9*d - 1. Let u(l) = l**3 + l**2 - l. Let r be u(0). Suppose 1 = -h - r. Give o(h).
-8
Let g(m) be the first derivative of m**5/120 + m**4/2 - 10*m**3 - 10. Let v(q) be the third derivative of g(q). Give v(-5).
7
Suppose 0 = c - 2*o + 9, 4*o + 12 = -4*c - 0*o. Let f(i